 25 + 29 = 0. Calculate the remainder when 48 is divided by f.
12
Let d(s) = 27*s**3 + 2*s**2 - 1. Let x(c) = -16*c**3 - c**2 - c - 1. Calculate the remainder when d(1) is divided by x(-1).
13
Let n(m) be the first derivative of 1 - m - 1/2*m**2. What is the remainder when 23 is divided by n(-9)?
7
Let p(w) = 2*w**3 - 17*w**2 + 9*w - 2. Suppose -4*y = -4*c - y + 1, -c + y - 1 = 0. Calculate the remainder when p(8) is divided by c.
2
Suppose k + 2*c = 8, -5*k + 0*k + 2*c = -52. Calculate the remainder when 19 is divided by k.
9
Suppose -92 = -5*s - 2*v, 5*s + 2*v - 112 = 5*v. Suppose 10 + 20 = 3*z. Let g = -3 + z. Calculate the remainder when s is divided by g.
6
What is the remainder when 27 is divided by (4 - 0)*(-39)/(-26)?
3
What is the remainder when 37 is divided by (-3 - -13) + (0 - -3)?
11
Let f = -78 + 270. Suppose -3*q + g + 106 = -q, f = 4*q + 3*g. Let r(y) = -y**3 + 7*y**2 + 5*y - 22. What is the remainder when q is divided by r(7)?
12
Suppose 0 = 2*f - 12 + 4. What is the remainder when 11 is divided by f?
3
Suppose 4*g + 92 = 5*i - 153, -3*g + 15 = 0. Let c = 111 - 93. Calculate the remainder when i is divided by c.
17
Let j be (-24)/(-20)*40/12. Suppose 3*r = -4*h + 24, -5*h - j*r - 16 = -47. What is the remainder when 8 is divided by h?
2
Let y(w) = -w**2 - 18*w - 9. Let d be y(-18). Let j = d + 16. Let z = -34 + 60. What is the remainder when z is divided by j?
5
Suppose 5*l = 5*j + 85, 3*l - 5*j + 34 = 5*l. Calculate the remainder when 47 is divided by l.
13
Calculate the remainder when 35 is divided by 20/1 - (0 + 2).
17
Suppose c = 27 + 24. What is the remainder when 254 is divided by c?
50
Let o be (-343)/(-5) + (-4)/(-10). Let s = o + -10. What is the remainder when s is divided by -2 + (-75)/(-3) + (-15)/5?
19
Let n be 3/2*2*5. What is the remainder when (-1 + -2)/(-3)*n is divided by (-1 + -9)*(-20)/25?
7
What is the remainder when ((-16)/(-32))/(1/18) is divided by 6?
3
Calculate the remainder when 1/(-2) - (135/(-18) + -9) is divided by 8.
0
Suppose z + 2*m = 8, 20 = 4*z + z + 5*m. Suppose z = -3*a + 3*q + 12, -q + 5 = 2*a - 0*q. What is the remainder when (a + -2)*(2 - -20) is divided by 12?
10
Let u(l) = 0*l + 2*l**2 + 2 + l**3 + l + 0. Let p be u(-2). Suppose p = 3*c + 5*d - 60, 176 - 45 = 5*c - 2*d. Calculate the remainder when c is divided by 14.
11
Calculate the remainder when -2 + 35/20 - (-338)/8 is divided by 22.
20
Suppose 3*x - x + 534 = 4*y, 0 = -2*x + 2. What is the remainder when y is divided by 15?
14
Suppose -5*k = 4*w - 76, -2*w + 5*k = 2*w - 36. Let c(l) = -7*l**3 - l**2 - 3*l - 3. Calculate the remainder when c(-2) is divided by w.
13
Let c(y) = 2*y**3 - 2*y**2 + y + 2. Let m be c(-2). Let d = -6 - m. What is the remainder when d is divided by 5?
3
Let g(v) = -v**3 - 6*v**2 - 2*v - 2. Let a be g(-6). Let p = a - 16. Let q(m) = -m**2 - 8*m - 1. What is the remainder when 21 is divided by q(p)?
10
What is the remainder when 164/6 - 10/(-15) is divided by 15?
13
Let c = -19 + -6. Let i = c - -38. Calculate the remainder when 49 is divided by i.
10
Let z = -13 + 47. What is the remainder when 99 is divided by z?
31
Let n be (1 + 10/(-4))*-2. Suppose v - 8 = 12. Suppose -t + v = n*t. What is the remainder when t is divided by 3?
2
Let s = -83 - -126. Calculate the remainder when s is divided by 11.
10
What is the remainder when ((-2)/(-4))/(4 + 3235/(-810)) is divided by 7?
4
Let w(d) = -d**2 + 4*d - 1. Let p be w(3). Let u be 10/3 - p/6. Suppose 0 = u*r - m - 52, 4*r - m - 71 = 2*m. Calculate the remainder when r is divided by 9.
8
Suppose 2*y + 2*k = 3*k + 110, 257 = 5*y + 2*k. Calculate the remainder when y is divided by 14.
11
Suppose 0 = 3*i, -4 - 4 = -j - 4*i. What is the remainder when 29 is divided by j?
5
Let x(w) = -w**2 - w + 1. Let o be x(-2). Calculate the remainder when 29 is divided by (o/(-2))/(3/90).
14
Suppose -5*w + 44 = -6. Let i = -2 + -8. Let z = 14 + i. Calculate the remainder when w is divided by z.
2
Let k(f) = f**3 + 9*f**2 + 7*f - 2. Calculate the remainder when k(-7) is divided by 12.
11
Let w(d) = -39*d - 4 + 6 - 3. Calculate the remainder when w(-2) is divided by 20.
17
Suppose 5*y - 2*y - 39 = 0. Let j = 437 + -429. What is the remainder when y is divided by j?
5
Let j(s) = -5*s - 4. Calculate the remainder when (-5)/25 + 212/10 is divided by j(-3).
10
Suppose f + 7 = -4*q, 2*q + 0 = -3*f - 1. Calculate the remainder when (-21 + 1 + f)*-1 is divided by 10.
9
Let c = -5 + 23. What is the remainder when c is divided by 10?
8
Let b = 17 - -5. What is the remainder when b is divided by 8?
6
Let u = -3 + 3. Suppose -f + h + 6 = -0, u = -f - 2*h. Suppose -f*b - 15 = q - 59, 32 = 4*b - 2*q. Calculate the remainder when b is divided by 4.
2
Let l be 2/6 - (-248)/(-6). Let s be (-3 + 4)*(1 - l). Let k = -16 + s. What is the remainder when k is divided by 7?
5
Let n(j) be the third derivative of 17*j**6/40 - j**5/60 + j**4/24 - j**3/6 + 7*j**2. Calculate the remainder when n(1) is divided by 13.
11
Suppose 3*y + y = 196. Suppose -t - 5 = -y. Suppose -5*j = -a - t, -5*j - 4*a + 24 = -0*j. What is the remainder when 14 is divided by j?
6
Let i = -70 + 113. Calculate the remainder when i is divided by 15.
13
Let v = 171 - 160. Suppose -4*o + 27 - 3 = 0. Calculate the remainder when v is divided by o.
5
Let q = 7 + 6. Let p(d) = -d**3 + d**2 + 7. Calculate the remainder when q is divided by p(0).
6
Suppose -1 = 2*f - 61. Calculate the remainder when 119 is divided by f.
29
Let q(i) = -2*i**3 - 4*i**2 - 4*i - 3. Let k be q(-4). Let l = k - 53. Calculate the remainder when l is divided by 13.
11
Let o(z) = -z**3 + 3*z**2 + 4*z - 2. Let t be o(3). Let c = -5 + t. Calculate the remainder when 22 is divided by c.
2
Let j(q) = 22*q**2 + 6*q + 5. What is the remainder when j(-1) is divided by 11?
10
Suppose -4*a - 4 = 4. Let l(o) = o**2 + 13*o + 9. Let n be l(-12). Calculate the remainder when (16/6)/a*n is divided by 2.
0
Let h = -23 - -8. Let v be 6/(-15) - 21/h. What is the remainder when 26 is divided by 0 + 3 + 12 - v?
12
Let i(f) = 2 + 10*f**2 - f**3 - 7 + 2*f - 6*f**2. Calculate the remainder when 8 is divided by i(4).
2
Let f = -72 + 117. Let x = 35 - 19. What is the remainder when f is divided by x?
13
Suppose 0 = 3*k + 2*i - 0*i - 119, 2*k + 4*i - 90 = 0. Calculate the remainder when k is divided by 20.
17
Let d(y) = y**3 + 10*y**2 + 7*y - 14. What is the remainder when d(-6) is divided by 23?
19
Let l(n) = 17*n**3 + 21*n**3 - 2 + n + 1. Suppose -w + i = w - 6, -5 = -w + i. Calculate the remainder when l(w) is divided by 13.
12
Calculate the remainder when 25*(0 + 2 - 1) is divided by -2 + 1 + 1 + 13.
12
Let s be -1*3/3 + 6. Suppose -3*k + 2*f = -f - 39, 0 = -s*k + 2*f + 56. Suppose -3*l = -0*l - 12. Calculate the remainder when k is divided by l.
2
Calculate the remainder when (18/7)/((-9)/(-42)) - 4 is divided by 2.
0
Let n(s) = -9 - 2*s - 2*s + 2*s + 14*s**2 + 28 - s**3. Let a be n(14). Let p = 24 + a. What is the remainder when 28 is divided by p?
13
Suppose 0*y - 4*y = -j - 9, -3 = -5*y + 4*j. Let n = 10 + y. What is the remainder when ((-50)/6)/(1/(-3)) is divided by n?
12
Let j(y) = -y**3 - 3*y**2 + 3*y - 20. Suppose 0 = -3*v - 19 + 196. What is the remainder when v is divided by j(-5)?
14
Suppose 3*a = 4*i - 90 + 278, -2*i - 2*a - 80 = 0. Let m = 65 + i. What is the remainder when 62 is divided by m?
20
Suppose -5*s + 315 = -0*s. Let v = s - -22. Suppose g - 2*g - 5*a + 17 = 0, -v = -5*g + a. Calculate the remainder when 32 is divided by g.
15
Let z(m) = -4*m + 1. Let q(r) = 2*r. Let f(s) = 11*q(s) + 6*z(s). Let d(o) = 25*o + 2. Calculate the remainder when d(2) is divided by f(-6).
16
Let z be ((-24)/(-10))/((-12)/(-30)). Suppose -3 = -s, 0 = z*u - u - s - 32. What is the remainder when 19 is divided by u?
5
What is the remainder when 68 is divided by (13*-3)/(3/(-2))?
16
Let s be (-1)/(-2) + 10/4. Suppose 11 = s*d - f, 5*d - 1 = -3*f + 22. Suppose d*r - 7 = 5, -b - r + 16 = 0. Calculate the remainder when 24 is divided by b.
11
Suppose 3*v - 370 = -2*v. Suppose -5*z + v = -l + 5*l, l - 1 = 0. Calculate the remainder when 53 is divided by z.
11
Suppose -w - 1 = b, 0 = -7*b + 4*b - w - 9. Let d(r) = r**3 + 5*r**2 + 5*r. Let u be d(b). Calculate the remainder when 5 is divi